-4*t, -5*t + 15 + 15 = 2*u. What are the prime factors of w(u)?
2, 3, 7
Let z(p) be the third derivative of 13*p**5/60 + p**4/4 + 14*p**3/3 + 2*p**2 - 31*p. List the prime factors of z(-5).
17, 19
Let r(p) = -p**3 - 10*p**2 + 2*p + 24. Let a be r(-10). Suppose -6*f = -8*f + a*b + 1502, -3*f + 2253 = 5*b. List the prime factors of f.
751
Let r be (-32)/(-18) - 14/(-63) - -7. Suppose -r*s = -23 - 85. What are the prime factors of s?
2, 3
Suppose 2*u = s - 5632, 4*u - 5744 = -2*s + 5504. List the prime factors of s.
2, 3, 7, 67
Let c = 5159 - -5959. Suppose -26*v + c = -9*v. What are the prime factors of v?
2, 3, 109
List the prime factors of 2/6 + -1 + (-3530206)/(-177).
2, 3, 277
Suppose 110*c - 114*c = 5*g - 20107, -g = 5. What are the prime factors of c?
7, 719
Let n = 238 - 230. Let h(v) = -v**2 + 2*v - 5. Let l(k) = k**2 - 3*k + 5. Let u(m) = 4*h(m) + 5*l(m). What are the prime factors of u(n)?
13
Let j be 114/513 + (-734)/(-18). Suppose -9 = v + 10. Let n = j + v. What are the prime factors of n?
2, 11
Let s(b) = -15*b**2 - 10*b + 48. Let z be s(-8). Let o = 395 - z. What are the prime factors of o?
3, 409
Suppose 203*h = 192*h + 23628. Suppose 3*n = -y + 2288, 5*n + 2*y - h - 1667 = 0. What are the prime factors of n?
761
Let i(y) = 10*y**2 - 17*y - 17. Let r(g) = -5*g**2 + 8*g + 8. Let z(a) = -6*i(a) - 13*r(a). Let s be z(2). List the prime factors of (s/5)/(4/100).
2, 5, 7
Let v be (-7278)/(-10) + (-25)/(-125). Suppose -727*n - 1334 = -v*n. List the prime factors of n.
2, 23, 29
Suppose 3*t - 16 = 14*c - 13*c, -4*c + 11 = 3*t. Suppose -1380 = -t*m + 5*l, m + 4*m = -3*l + 1356. List the prime factors of m.
3, 7, 13
Let h(v) = 186*v**2 + 33327. List the prime factors of h(0).
3, 7, 23
Let t = 13153 + -8133. List the prime factors of t.
2, 5, 251
Let s(b) = -4*b + 12. Let t be -1 + (1/4)/(7/196). Let c be s(t). List the prime factors of (c/18)/((-1)/72).
2, 3
Suppose -80*b - 57 = -83*b. Suppose -b*n + 13*n = -7446. What are the prime factors of n?
17, 73
Let q be (-1)/4 + (-51)/(-12). Suppose -q*i + 20 = -8. What are the prime factors of (2/3)/(i/399)?
2, 19
Suppose -x = p + 120, 2*x + 0*p = -p - 244. Let m = x - -269. What are the prime factors of m?
5, 29
Let j = 1164 - -9346. What are the prime factors of j?
2, 5, 1051
Let z = -335 - -523. Let a = z + -186. What are the prime factors of a?
2
Let z = 6 + 0. Suppose -2 + z = v. What are the prime factors of (2 - v) + 0 - -39?
37
Suppose -2*w = 2*o - 648 + 50, 0 = 4*o + w - 1208. Let z = -1118 + 1611. Let g = z - o. What are the prime factors of g?
2, 5, 19
Let b(k) be the second derivative of -76*k**3/3 - 8*k**2 - 65*k. What are the prime factors of b(-4)?
2, 37
Suppose 368 = -9*o - 406. Let x = -88 - o. What are the prime factors of -2 + (x - -94*2)?
2, 23
Suppose -32*z - 75*z = 17*z - 1763776. What are the prime factors of z?
2, 7, 127
Let z(r) = -182*r**3 - 18*r + 2. What are the prime factors of z(-3)?
2, 5, 7, 71
Suppose -295 = l + g, -3*g + 291 = -l - 2*g. Let t = 975 + l. List the prime factors of t.
2, 11, 31
Let w be ((-12)/(-30))/((-4)/(-20)). Suppose -w*d + 678 = 2*t, 3*d + 0*d - 1689 = -5*t. List the prime factors of t.
2, 3, 7
Let y(l) = -2173*l + 243. List the prime factors of y(-1).
2, 151
Suppose 13*c + 4*x - 18 = 14*c, -4*c + 2*x - 2 = 0. What are the prime factors of (c*29)/(-4 + 3 + 2)?
2, 29
Suppose -1799 = -1186*t + 1185*t - 5*v, 4*t - 7174 = 2*v. List the prime factors of t.
2, 3, 13, 23
Suppose -3*d - 4*d + 854 = 0. Let t(j) = j**3 + 14*j**2 + 7*j - 9. Let p be t(-14). Let o = d + p. List the prime factors of o.
3, 5
Let q(f) = -95*f**2 + 12*f + 86. Let u be q(-5). Let k = -839 - u. What are the prime factors of k?
2, 5, 151
Let w(z) be the first derivative of 45*z**2/2 - 46*z - 12. Let v = 13 - 8. List the prime factors of w(v).
179
Suppose -2*g = -0*j + 4*j - 480, -5*j + 481 = 2*g. Let k = g - 424. What are the prime factors of 0 + 2/3 + (-21080)/k?
2, 3, 19
Suppose -16 = -4*q - 4. Suppose 3*c + q*c = 1674. Suppose 7*x = 16*x - c. List the prime factors of x.
31
Let z = -478 + -386. Let p = -551 - z. What are the prime factors of p?
313
Let o = 5015 - 3856. What are the prime factors of o?
19, 61
Suppose -2*h + 148 = -4*h. Let w = -71 - h. Let r(t) = 58*t - 21. What are the prime factors of r(w)?
3, 17
Suppose 0 = -20*i + 442194 + 174946. What are the prime factors of i?
59, 523
Suppose -y - 34 = 4*i, 4*i + 26*y = 27*y - 30. List the prime factors of ((-50)/i)/((-6435)/920 + 7).
2, 5, 23
Suppose -289769 = -45*l + 100021. What are the prime factors of l?
2, 61, 71
Suppose -7*t = -6 + 34. What are the prime factors of ((-245)/28)/(t/416)?
2, 5, 7, 13
Suppose -39*j + 18*j = 22*j - 277565. What are the prime factors of j?
5, 1291
Let f = -64 - -68. Let m be 600/f + (-3 - 0). Suppose -z - 82 = -m. List the prime factors of z.
5, 13
Let k(i) = -4*i + 44. Let p be k(11). Let y be (-192)/(-1*(-1)/(-3)). Suppose -5*f = -m - 701, -4*f - 3*m + y = -p*f. What are the prime factors of f?
3, 47
Let z(n) = -22*n**2 + n + 130*n**3 - 9*n - 4*n - 131*n**3 + 15. List the prime factors of z(-23).
2, 5, 41
Suppose 32*b + 6*b - 205200 = 13*b. List the prime factors of b.
2, 3, 19
Let z(k) = -2 - 2*k + 11*k**2 - 5*k**2 - 77*k**3 - 7*k**2 + 4*k. Let s be z(-2). Suppose 3*u + s = 9*u. What are the prime factors of u?
101
Suppose -3*b + 27496 = 2*k - 14766, 3*k = -3. What are the prime factors of b?
2, 3, 587
Let s(f) = -377*f + 7514. List the prime factors of s(-79).
13, 19, 151
Let c be -4 - (-4 + -291) - (-2 + -1). Suppose -3*i + c = -0*i. Suppose 544 = 6*g - i. List the prime factors of g.
107
Let c = 61108 + -43590. List the prime factors of c.
2, 19, 461
Let v(u) = 3*u**2 + 80*u - 6. Let k(t) = -t**2 + 4*t + 63. Let q be k(-8). List the prime factors of v(q).
3, 23
Suppose 0 = 50*j - 66 - 34. Suppose 0 = p - j*p - 2, -2*p = z - 1125. List the prime factors of z.
1129
Let o(p) = 2 - 19 + 30*p - 61 - 53. What are the prime factors of o(16)?
349
Let s be 11/((1/2)/(40/16)). Let k = s - 62. Let f(n) = 4*n + 30. What are the prime factors of f(k)?
2
Suppose 3*p = 21*p - 54. Let l(y) = 16*y**2 + 3*y - 6. Let i(z) = z**2 + z - 1. Let d(c) = -6*i(c) + l(c). What are the prime factors of d(p)?
3
Let p be 14/42 + 518/3. Let d = -125 + p. What are the prime factors of d?
2, 3
Let s(g) = 5*g**2 + 52*g + 687. What are the prime factors of s(-43)?
2, 13, 37
List the prime factors of (12/80)/(3/4) + (-3046394)/(-130).
2, 11717
Suppose -9*i + 897 = -8274. Let k = i - 203. What are the prime factors of k?
2, 3, 17
Suppose 0*l = -5*l - 210. Let b = 183 + l. What are the prime factors of b?
3, 47
Suppose 161*g - 148*g - 330564 = 0. Suppose -33*t + g = -7*t. What are the prime factors of t?
2, 3, 163
List the prime factors of (-16)/24*-27 + 5366.
2, 673
Let f = 549 + -545. Suppose 0 = f*l, -5*c + 2*l = -20 - 390. List the prime factors of c.
2, 41
List the prime factors of (-439938)/(-15) - 135/675.
139, 211
Suppose 5*i + g = -25, 12 = -3*i + 4*g - 3. What are the prime factors of i/(-9 + 4) + (459 - 1)?
3, 17
Let k = -14368 + 22248. What are the prime factors of k?
2, 5, 197
Let a(m) = -53*m - 113. Let x be a(-17). Suppose 2*d - 652 = -4*n - 2*d, 5*n - 4*d = x. What are the prime factors of n?
2, 5
Let t = 373 + -373. Suppose -2*z + 0*w - 5*w - 5 = t, -3*z = -5*w - 55. What are the prime factors of z?
2, 5
Let a(f) be the first derivative of 7*f**3/3 + 3*f**2/2 - 20*f + 28. What are the prime factors of a(-5)?
2, 5, 7
What are the prime factors of (-30)/6 - (-1483960)/40?
2, 17, 1091
Let z(t) = 17*t**2 + 74*t - 217. What are the prime factors of z(-40)?
24023
Let k(x) = 453*x**2 + 6*x + 5. Let b be (-1)/(-2) + 81/(-54). List the prime factors of k(b).
2, 113
Let a(y) = y**3 + y**2 - 6*y. Let i be a(3). Suppose i*n - 2060 = 802. List the prime factors of n.
3, 53
Let s = 514 - -6023. List the prime factors of s.
3, 2179
Suppose 0 = 15*n - 5 - 25. Suppose -5*k - 355 = -0*k + 5*j, n*k + 3*j = -145. What are the prime factors of 8 - (k - -2) - -1*3?
7, 11
Suppose -254995 = -37*s + 357429. What are the prime factors of s?
2, 2069
Let y = 48255 + -14161. List the prime factors of y.
2, 17047
Suppose 10*z - 7*z = 1374. Suppose -u - 52 = -5*p + z, -u = 0. What are the prime factors of p?
2, 3, 17
Let h = 